 = -5*k. List the prime factors of ((-214)/q)/(9 - 8).
107
Let v be (-3)/5 + (-1243)/(-55). Let f(d) = -d**3 + 22*d**2 + 7*d + 47. List the prime factors of f(v).
3, 67
Let u(b) = 31*b**2 + 2*b - 21. Let r be u(-4). Let h = r - 230. What are the prime factors of h?
3, 79
Suppose 5*v - 2599 = 531. List the prime factors of v/10 + 18/(-30).
2, 31
Let j(x) = 5 - 5*x**2 - 3*x + 33*x**2 - 15*x**2. List the prime factors of j(3).
113
Let a = 313 + 51. What are the prime factors of a?
2, 7, 13
List the prime factors of (-29)/3*468/(-15 - -9).
2, 13, 29
Let v be 0/(1/6*6). Let j = 76 + -45. Suppose q - 3*q + 3*k + j = v, -q + k = -15. What are the prime factors of q?
2, 7
Let m(g) be the second derivative of 2*g**3/3 + 33*g**2/2 + 9*g. What are the prime factors of m(20)?
113
Let q(n) = 3*n**2 + 6*n + 1. Let z be q(-4). Let g = z - 13. Let f = g - 0. List the prime factors of f.
2, 3
Let p(l) = 25*l + 21. Let k be p(-6). Let m = k - -184. List the prime factors of m.
5, 11
Let x = 377 - 270. What are the prime factors of x?
107
Let j(m) = -m**2 - 9*m + 1. Let r be j(-9). Let f be -3 + 2 + 4 - r. Suppose 6*c = 4*c - t + 55, f*t - 139 = -5*c. What are the prime factors of c?
29
Let f(u) = -3*u**3 - 5*u**2 - 2*u + 3. Let i be f(-3). Let x = i + -21. What are the prime factors of x?
2, 3
Let j = -189 - -105. List the prime factors of j/(-24)*(-48)/(-14).
2, 3
Let x be ((-2)/(-4))/((-65)/66 + 1). Suppose -r = -98 + x. List the prime factors of r.
5, 13
Let a(o) = o**3 + 5*o**2 - o + 4. Suppose 3*k = 4*k - 3*d - 3, -15 = -5*k - 2*d. Suppose 2*i = k*i + 5. What are the prime factors of a(i)?
3
Let c(x) = 49*x**2 - 27*x + 18. What are the prime factors of c(4)?
2, 347
What are the prime factors of ((-9144)/96)/(6/(-56))?
7, 127
Let v = -38 - -5. Let g = -35 - v. List the prime factors of 8/g + (-16 - -28).
2
Let t(h) = h**2 - 18*h - 41. Let s be t(-13). Suppose -13*u + 184 = -s. List the prime factors of u.
2, 3, 7
Let d(r) = r**3 + 40*r**2 + 45*r + 49. List the prime factors of d(-38).
3, 409
Let k(f) = 21 - f - 6 - 10. Let u be k(9). What are the prime factors of 3/(u/104*-3)?
2, 13
Let t be (2/5)/(1/5). Suppose -2*j + 196 = 2*i + t*j, 3*j - 282 = -3*i. What are the prime factors of i?
2, 3, 5
What are the prime factors of 1205 - 4 - (-2 - 5)?
2, 151
Let n = 3 - 1. Suppose 2*k - 33 = i + 68, n*i = 10. List the prime factors of k.
53
Let k = 1355 + 1041. List the prime factors of k.
2, 599
Let g(f) = 30 - f**2 - 11*f + 13*f + 18*f. List the prime factors of g(21).
3
Suppose 8078 = -2*n + 16*n. List the prime factors of n.
577
Let l(d) = 2*d**3 - 4*d**2 - 6*d + 3. Let j(y) = -3*y**3 + 3*y**2 + 5*y - 3. Let s(w) = -3*j(w) - 2*l(w). List the prime factors of s(2).
3, 11
Suppose d - 5*v - 42 = -15, -4*v - 16 = 2*d. Let h(i) be the first derivative of 2*i**4 + i**3/3 + i**2/2 - 2*i - 7. List the prime factors of h(d).
2, 17
Let u = 43 + -41. Suppose 5*w + q - 4*q = 181, 3*q - 64 = -u*w. List the prime factors of w.
5, 7
Suppose -2*d + i = -10, -2*i = -9*d + 4*d + 25. Let s = 1 + d. Suppose s*m - 24 = 3*m. List the prime factors of m.
2
Suppose -2 = 2*c - c. Let v be c/(-2)*(102 - 3). Suppose -5*u + 8*u = v. List the prime factors of u.
3, 11
Let m(f) = 3*f**2 - 7 + 0 + 3 - f. Let a be m(-3). Suppose -3*d + 5*d - a = 0. What are the prime factors of d?
13
Let g = -34 - -40. Suppose g = l + 4, -2*l = 2*a - 402. What are the prime factors of a?
199
Let m(n) = -6*n + 6. Let w be m(-2). What are the prime factors of 6/4 - (-1845)/w?
2, 13
Let j(d) = d**3 + 4*d**2 + 3*d. Let y be j(-2). Let w = 84 - 84. Suppose -y*z - 24 + 100 = w. What are the prime factors of z?
2, 19
Suppose 2*j + 2 = 0, -4*h - 2*j + 90 = -3*h. Suppose 94 = 8*f - 4*f - 2*k, 4*f - 4*k = h. List the prime factors of (f/16)/(2/12).
3
What are the prime factors of (-10 - (-3 + -9)) + 844?
2, 3, 47
Let v be 4/(0 + 6/9). Suppose 5*b + 2*d + v = 6*d, -5*d = 5*b - 30. List the prime factors of b.
2
Let c = 8 + -17. Let n be 6/c - (-8972)/12. Suppose 236 - n = -7*x. What are the prime factors of x?
73
List the prime factors of 7 + (-7 - -2) - -4 - -1128.
2, 3, 7
Suppose 1403 = -13*m + 5628. List the prime factors of m.
5, 13
Let g = -2 + 11. Suppose a = k + g, 3*a + 6 = 4*a + 2*k. Let y(h) = 7*h - 22. List the prime factors of y(a).
2, 17
Let x(a) = a - 10. Let m(g) = -g**3 - 5*g**2 - g + 7. Let i be m(-5). Let n be x(i). Suppose -f = n*f - 54. What are the prime factors of f?
2, 3
Suppose 0 = 3*a - 76 + 22. List the prime factors of a/(3 - -3) - -239.
2, 11
Suppose -23*m - 35673 = -56*m. What are the prime factors of m?
23, 47
What are the prime factors of (7366 + 2)/((-375)/30 - -14)?
2, 307
What are the prime factors of (112/(-32))/(2*(-1)/1268)?
7, 317
Let k = -5 - -24. Let v = 23 - k. What are the prime factors of 305/4 - 1/v?
2, 19
Let u(w) = -26*w**3 + w + 6. List the prime factors of u(-2).
2, 53
Let h(c) = -c**2 - 3*c + 3. Let x be h(-3). Let k = x + -1. What are the prime factors of k/6 - (-357)/9?
2, 5
Suppose -2203 = -10*o - 693. List the prime factors of o.
151
Suppose -2*v + 2*t - 7*t + 17 = 0, 3*t = 5*v - 27. List the prime factors of (18/3)/v - -274.
5, 11
Suppose 4*x - 1 = 3. Let r be (x/(-1))/((-4)/8). Suppose 82 = 3*b - 2*d, d + 2*d - 46 = -r*b. List the prime factors of b.
2, 13
Suppose -1234 = -3*j + 3*b + b, -800 = -2*j - 3*b. What are the prime factors of j?
2, 7, 29
What are the prime factors of (4/18)/((-2)/6)*-672?
2, 7
Let b = 2088 - 1486. List the prime factors of b.
2, 7, 43
Let m = 987 + 30. What are the prime factors of m?
3, 113
Let l = -44 + 97. Let x = l + 41. What are the prime factors of x?
2, 47
Suppose 2*y + 3*l = 4*y - 2, -2*y - 3*l - 10 = 0. What are the prime factors of (y + (-8)/20)/((-1)/40)?
2, 3
Suppose -d + 6*d - 11879 = -2*i, 7119 = 3*d - 3*i. What are the prime factors of d?
5, 19
Let p = 1404 - 48. List the prime factors of p.
2, 3, 113
Let y(u) = -u**3 - 3*u**2 + 3*u + 3. Let l be 14/(-4) - 9/18. Let r be y(l). Suppose 12*g - r*g = 150. List the prime factors of g.
2, 3, 5
Suppose 2*c + 5*i = 35, -4*i + 34 = 2*c - 0*i. What are the prime factors of c?
3, 5
Let k(h) = -6 - 9*h**2 + 7*h**3 - 6*h**3 + 0*h**3 - 2 - 7*h. Let t = 7 + 3. What are the prime factors of k(t)?
2, 11
Suppose -3*i + 953 = -4*z - 395, 2241 = 5*i - z. List the prime factors of i.
2, 7
Let n(a) = 9*a**2 - 138*a - 42. List the prime factors of n(31).
3, 13, 37
Suppose -3*n = 2*c - 403 - 416, 1372 = 5*n + c. What are the prime factors of n?
5, 11
Suppose -3*u - u = 3*m - 1444, m - 724 = -2*u. What are the prime factors of u?
2, 7, 13
Let r(h) = -5*h**3 + 2*h + 1. Let g be r(3). Let n = -25 - g. What are the prime factors of n?
103
Let q(n) = -34*n + 61. List the prime factors of q(-9).
367
Let j(t) = 13*t + 15. Let c(w) = -5*w + 2 + 12*w + 5. Let z(s) = 5*c(s) - 3*j(s). What are the prime factors of z(-4)?
2, 3
Let a(x) = 400*x - 837. List the prime factors of a(8).
17, 139
Let z = -13 + 15. Suppose -b - 2 = -d - 0, 0 = z*d + 4*b - 16. Suppose d = g + 2. What are the prime factors of g?
2
Suppose 0 = -5*c - 10, -3*h = 2*c - c + 2. Suppose h*f - 30 = -2*f - 4*z, -119 = -5*f + z. Suppose -f = -w + 12. List the prime factors of w.
5, 7
Let s = 2147 + -1285. What are the prime factors of s?
2, 431
Suppose 155 = 2*n - 119. Let g = n - 103. List the prime factors of g.
2, 17
Suppose 2*g + 2*o + 30 = 0, -2*g - 5*o + 2*o = 26. Let t = 9 - g. List the prime factors of t.
2, 7
Suppose 0 = 5*l - 76 + 226. What are the prime factors of (-2 - 513/(-6)) + l/20?
2, 41
Let p(b) = b**2 + 16*b + 9 + b**2 + b**2. Let d be (7/3)/(6 + (-76)/12). What are the prime factors of p(d)?
2, 11
Let n = -17 - -19. Suppose -2*y + 811 = 5*m, -n*m - 793 = -7*m + 4*y. What are the prime factors of m?
7, 23
Let r = 211 + -88. Let p = r - 73. What are the prime factors of p?
2, 5
Suppose -4*u = -2*u - 2*a - 14, 0 = 4*u + 4*a + 12. Suppose -2*o = -14 - u. What are the prime factors of 12 - -5*o/(-20)?
2, 5
Suppose 7*r + 4*m = 4*r + 26, -22 = -4*r + m. Let x be (-61)/(-9) - r/(-27). What are the prime factors of (-60)/x*(-5 + -2)?
2, 3, 5
Let o be (-4 + 32)*(-1)/(-2). Let l = o + -11. Suppose 3*j - l*y - 50 = -4*y, -3*j + 46 = 2*y. What are the prime factors of j?
2, 3
Suppose a + 3*u = 1524, a - 1293 - 266 = 4*u. List the pr